{"id":108,"date":"2014-02-06T23:41:29","date_gmt":"2014-02-06T22:41:29","guid":{"rendered":"http:\/\/proloco.miniussi.it\/?page_id=108"},"modified":"2014-02-06T23:41:29","modified_gmt":"2014-02-06T22:41:29","slug":"altre-manifestazioni-attivita-e-memoria-storica","status":"publish","type":"page","link":"https:\/\/www.monfalcone.info\/index.php\/altre-manifestazioni-attivita-e-memoria-storica\/","title":{"rendered":"Altre manifestazioni, attivit\u00e0 e memoria storica"},"content":{"rendered":"<p>Tutte le altre attivit\u00e0 organizzate dalla Pro Loco di Monfalcone nel corso degli ultimi anni: gite, mercatino di San Nicol\u00f2, FestivalShow, Acquerello sotto le stelle&#8230;<\/p>\n","protected":false},"excerpt":{"rendered":"<p>Tutte le altre attivit\u00e0 organizzate dalla Pro Loco di Monfalcone nel corso degli ultimi anni: gite, mercatino di San Nicol\u00f2, [&hellip;]<\/p>\n","protected":false},"author":1,"featured_media":109,"parent":0,"menu_order":0,"comment_status":"closed","ping_status":"closed","template":"","meta":[],"_links":{"self":[{"href":"https:\/\/www.monfalcone.info\/index.php\/wp-json\/wp\/v2\/pages\/108"}],"collection":[{"href":"https:\/\/www.monfalcone.info\/index.php\/wp-json\/wp\/v2\/pages"}],"about":[{"href":"https:\/\/www.monfalcone.info\/index.php\/wp-json\/wp\/v2\/types\/page"}],"author":[{"embeddable":true,"href":"https:\/\/www.monfalcone.info\/index.php\/wp-json\/wp\/v2\/users\/1"}],"replies":[{"embeddable":true,"href":"https:\/\/www.monfalcone.info\/index.php\/wp-json\/wp\/v2\/comments?post=108"}],"version-history":[{"count":0,"href":"https:\/\/www.monfalcone.info\/index.php\/wp-json\/wp\/v2\/pages\/108\/revisions"}],"wp:featuredmedia":[{"embeddable":true,"href":"https:\/\/www.monfalcone.info\/index.php\/wp-json\/wp\/v2\/media\/109"}],"wp:attachment":[{"href":"https:\/\/www.monfalcone.info\/index.php\/wp-json\/wp\/v2\/media?parent=108"}],"curies":[{"name":"wp","href":"https:\/\/api.w.org\/{rel}","templated":true}]}}

Altre manifestazioni, attività e memoria storica

<p>Tutte le altre attività organizzate dalla Pro Loco di Monfalcone nel corso degli ultimi anni: gite, mercatino di San Nicolò, FestivalShow, Acquerello sotto le stelle&#8230;</p>

<p>Tutte le altre attività organizzate dalla Pro Loco di Monfalcone nel corso degli ultimi anni: gite, mercatino di San Nicolò, [&hellip;]</p>
